[INFO] cloning repository https://github.com/xypnox/todo-app-realm
[INFO] running `Command { std: "git" "-c" "credential.helper=" "-c" "credential.helper=/workspace/cargo-home/bin/git-credential-null" "clone" "--bare" "https://github.com/xypnox/todo-app-realm" "/workspace/cache/git-repos/https%3A%2F%2Fgithub.com%2Fxypnox%2Ftodo-app-realm", kill_on_drop: false }`
[INFO] [stderr] Cloning into bare repository '/workspace/cache/git-repos/https%3A%2F%2Fgithub.com%2Fxypnox%2Ftodo-app-realm'...
[INFO] running `Command { std: "git" "rev-parse" "HEAD", kill_on_drop: false }`
[INFO] [stdout] 7b903b7b232de429ce86d93817d1127e46eae70f
[INFO] checking xypnox/todo-app-realm against master#af3c6e733a40e671550e0f0f5aeecaa13772ba56 for pr-74989
[INFO] running `Command { std: "git" "clone" "/workspace/cache/git-repos/https%3A%2F%2Fgithub.com%2Fxypnox%2Ftodo-app-realm" "/workspace/builds/worker-14/source", kill_on_drop: false }`
[INFO] [stderr] Cloning into '/workspace/builds/worker-14/source'...
[INFO] [stderr] done.
[INFO] validating manifest of git repo https://github.com/xypnox/todo-app-realm on toolchain af3c6e733a40e671550e0f0f5aeecaa13772ba56
[INFO] running `Command { std: "/workspace/cargo-home/bin/cargo" "+af3c6e733a40e671550e0f0f5aeecaa13772ba56" "read-manifest" "--manifest-path" "Cargo.toml", kill_on_drop: false }`
[INFO] started tweaking git repo https://github.com/xypnox/todo-app-realm
[INFO] finished tweaking git repo https://github.com/xypnox/todo-app-realm
[INFO] tweaked toml for git repo https://github.com/xypnox/todo-app-realm written to /workspace/builds/worker-14/source/Cargo.toml
[INFO] crate git repo https://github.com/xypnox/todo-app-realm already has a lockfile, it will not be regenerated
[INFO] running `Command { std: "/workspace/cargo-home/bin/cargo" "+af3c6e733a40e671550e0f0f5aeecaa13772ba56" "fetch" "--locked" "--manifest-path" "Cargo.toml", kill_on_drop: false }`
[INFO] [stderr]  Downloading crates ...
[INFO] [stderr]   Downloaded darling_core v0.9.0
[INFO] [stderr]   Downloaded parking_lot v0.4.8
[INFO] [stderr]   Downloaded uuid v0.8.1
[INFO] [stderr]   Downloaded cookie v0.13.3
[INFO] [stderr]   Downloaded http v0.1.21
[INFO] [stderr]   Downloaded onig_sys v69.5.0
[INFO] [stderr]   Downloaded anymap v0.12.1
[INFO] [stderr]   Downloaded dtoa v0.4.6
[INFO] [stderr]   Downloaded time-macros-impl v0.1.1
[INFO] [stderr]   Downloaded time-macros v0.1.0
[INFO] [stderr]   Downloaded observer_attribute v0.1.8
[INFO] [stderr]   Downloaded filetime v0.2.10
[INFO] [stderr]   Downloaded signed_cookies v0.1.2
[INFO] [stderr]   Downloaded blowfish v0.4.0
[INFO] [stderr]   Downloaded base-x v0.2.6
[INFO] [stderr]   Downloaded opaque-debug v0.2.3
[INFO] [stderr]   Downloaded inotify v0.7.1
[INFO] [stderr]   Downloaded scheduled-thread-pool v0.2.4
[INFO] [stderr]   Downloaded stdweb-derive v0.5.3
[INFO] [stderr]   Downloaded askama v0.9.0
[INFO] [stderr]   Downloaded askama_derive v0.9.0
[INFO] [stderr]   Downloaded tokio-uds v0.2.6
[INFO] [stderr]   Downloaded tokio-tcp v0.1.4
[INFO] [stderr]   Downloaded humansize v1.1.0
[INFO] [stderr]   Downloaded askama_shared v0.9.1
[INFO] [stderr]   Downloaded bcrypt v0.7.0
[INFO] [stderr]   Downloaded tokio-fs v0.1.7
[INFO] [stderr]   Downloaded stdweb-internal-runtime v0.1.5
[INFO] [stderr]   Downloaded stdweb v0.4.20
[INFO] [stderr]   Downloaded askama_escape v0.3.0
[INFO] [stderr]   Downloaded sqlparser v0.5.0
[INFO] [stderr]   Downloaded standback v0.2.9
[INFO] [stderr]   Downloaded diesel v1.4.5
[INFO] [stderr]   Downloaded darling v0.9.0
[INFO] [stderr]   Downloaded libsqlite3-sys v0.18.0
[INFO] [stderr]   Downloaded r2d2-diesel v1.0.0
[INFO] [stderr]   Downloaded syntect v4.2.0
[INFO] [stderr]   Downloaded tokio-threadpool v0.1.18
[INFO] [stderr]   Downloaded tokio-udp v0.1.6
[INFO] [stderr]   Downloaded tokio-codec v0.1.2
[INFO] [stderr]   Downloaded tokio-sync v0.1.8
[INFO] [stderr]   Downloaded tokio-reactor v0.1.12
[INFO] [stderr]   Downloaded block-cipher-trait v0.6.2
[INFO] [stderr]   Downloaded time v0.2.16
[INFO] [stderr]   Downloaded observer v0.2.3
[INFO] [stderr]   Downloaded tokio-current-thread v0.1.7
[INFO] [stderr]   Downloaded tokio-executor v0.1.10
[INFO] [stderr]   Downloaded arc-swap v0.4.7
[INFO] [stderr]   Downloaded tokio-timer v0.2.13
[INFO] [stderr]   Downloaded line-wrap v0.1.1
[INFO] [stderr]   Downloaded stdweb-internal-macros v0.2.9
[INFO] [stderr]   Downloaded onig v6.0.0
[INFO] [stderr]   Downloaded base64 v0.12.2
[INFO] [stderr]   Downloaded realm_macros v0.1.1
[INFO] [stderr]   Downloaded Inflector v0.11.4
[INFO] [stderr]   Downloaded bincode v1.3.1
[INFO] [stderr]   Downloaded realm v0.1.23
[INFO] [stderr]   Downloaded plist v1.0.0
[INFO] [stderr]   Downloaded woothee v0.11.0
[INFO] [stderr]   Downloaded chashmap v2.2.2
[INFO] [stderr]   Downloaded fsevent v0.4.0
[INFO] [stderr]   Downloaded notify v5.0.0-pre.1
[INFO] [stderr]   Downloaded serde_yaml v0.8.13
[INFO] [stderr]   Downloaded tokio-io v0.1.13
[INFO] [stderr]   Downloaded yaml-rust v0.4.4
[INFO] [stderr]   Downloaded fsevent-sys v2.0.1
[INFO] [stderr]   Downloaded inotify-sys v0.1.3
[INFO] [stderr]   Downloaded darling_macro v0.9.0
[INFO] running `Command { std: "docker" "create" "-v" "/var/lib/crater-agent-workspace/builds/worker-14/target:/opt/rustwide/target:rw,Z" "-v" "/var/lib/crater-agent-workspace/builds/worker-14/source:/opt/rustwide/workdir:ro,Z" "-v" "/var/lib/crater-agent-workspace/cargo-home:/opt/rustwide/cargo-home:ro,Z" "-v" "/var/lib/crater-agent-workspace/rustup-home:/opt/rustwide/rustup-home:ro,Z" "-e" "SOURCE_DIR=/opt/rustwide/workdir" "-e" "CARGO_TARGET_DIR=/opt/rustwide/target" "-e" "CARGO_HOME=/opt/rustwide/cargo-home" "-e" "RUSTUP_HOME=/opt/rustwide/rustup-home" "-w" "/opt/rustwide/workdir" "-m" "1610612736" "--user" "0:0" "--network" "none" "rustops/crates-build-env@sha256:d92eaeed33fa75130ca1ee6c8a01d1ffb62bac859dfdfb3450e3e5d1c0146529" "/opt/rustwide/cargo-home/bin/cargo" "+af3c6e733a40e671550e0f0f5aeecaa13772ba56" "metadata" "--no-deps" "--format-version=1", kill_on_drop: false }`
[INFO] [stdout] c9c5252560f575b2636222aa54a4f10d4ef08c6a99f602bd3ad8a363874c491f
[INFO] [stderr] WARNING: Your kernel does not support swap limit capabilities or the cgroup is not mounted. Memory limited without swap.
[INFO] running `Command { std: "docker" "start" "-a" "c9c5252560f575b2636222aa54a4f10d4ef08c6a99f602bd3ad8a363874c491f", kill_on_drop: false }`
[INFO] running `Command { std: "docker" "inspect" "c9c5252560f575b2636222aa54a4f10d4ef08c6a99f602bd3ad8a363874c491f", kill_on_drop: false }`
[INFO] running `Command { std: "docker" "rm" "-f" "c9c5252560f575b2636222aa54a4f10d4ef08c6a99f602bd3ad8a363874c491f", kill_on_drop: false }`
[INFO] [stdout] c9c5252560f575b2636222aa54a4f10d4ef08c6a99f602bd3ad8a363874c491f
[INFO] running `Command { std: "docker" "create" "-v" "/var/lib/crater-agent-workspace/builds/worker-14/target:/opt/rustwide/target:rw,Z" "-v" "/var/lib/crater-agent-workspace/builds/worker-14/source:/opt/rustwide/workdir:ro,Z" "-v" "/var/lib/crater-agent-workspace/cargo-home:/opt/rustwide/cargo-home:ro,Z" "-v" "/var/lib/crater-agent-workspace/rustup-home:/opt/rustwide/rustup-home:ro,Z" "-e" "SOURCE_DIR=/opt/rustwide/workdir" "-e" "CARGO_TARGET_DIR=/opt/rustwide/target" "-e" "CARGO_INCREMENTAL=0" "-e" "RUST_BACKTRACE=full" "-e" "RUSTFLAGS=--cap-lints=forbid" "-e" "CARGO_HOME=/opt/rustwide/cargo-home" "-e" "RUSTUP_HOME=/opt/rustwide/rustup-home" "-w" "/opt/rustwide/workdir" "-m" "1610612736" "--user" "0:0" "--network" "none" "rustops/crates-build-env@sha256:d92eaeed33fa75130ca1ee6c8a01d1ffb62bac859dfdfb3450e3e5d1c0146529" "/opt/rustwide/cargo-home/bin/cargo" "+af3c6e733a40e671550e0f0f5aeecaa13772ba56" "check" "--frozen" "--all" "--all-targets" "--message-format=json", kill_on_drop: false }`
[INFO] [stdout] 810b63c6f4459d94b5b43f741d74621a4a0694ded6e0f38fe0b7b4ef4faed806
[INFO] [stderr] WARNING: Your kernel does not support swap limit capabilities or the cgroup is not mounted. Memory limited without swap.
[INFO] running `Command { std: "docker" "start" "-a" "810b63c6f4459d94b5b43f741d74621a4a0694ded6e0f38fe0b7b4ef4faed806", kill_on_drop: false }`
[INFO] [stderr]     Blocking waiting for file lock on package cache
[INFO] [stderr]    Compiling unicode-xid v0.2.1
[INFO] [stderr]    Compiling syn v1.0.33
[INFO] [stderr]    Compiling serde_derive v1.0.114
[INFO] [stderr]    Compiling serde v1.0.114
[INFO] [stderr]    Compiling byteorder v1.3.4
[INFO] [stderr]    Compiling version_check v0.9.2
[INFO] [stderr]    Compiling memchr v2.3.3
[INFO] [stderr]    Compiling ryu v1.0.5
[INFO] [stderr]    Compiling syn v0.15.44
[INFO] [stderr]     Checking safemem v0.3.3
[INFO] [stderr]    Compiling crc32fast v1.2.0
[INFO] [stderr]    Compiling lazy_static v1.4.0
[INFO] [stderr]    Compiling httparse v1.3.4
[INFO] [stderr]     Checking linked-hash-map v0.5.3
[INFO] [stderr]     Checking ppv-lite86 v0.2.8
[INFO] [stderr]    Compiling fnv v1.0.7
[INFO] [stderr]    Compiling strsim v0.7.0
[INFO] [stderr]    Compiling ident_case v1.0.1
[INFO] [stderr]     Checking traitobject v0.1.0
[INFO] [stderr]     Checking stable_deref_trait v1.1.1
[INFO] [stderr]     Checking scoped-tls v0.1.2
[INFO] [stderr]     Checking tinyvec v0.3.3
[INFO] [stderr]     Checking regex-syntax v0.6.18
[INFO] [stderr]     Checking quick-error v1.2.3
[INFO] [stderr]     Checking mime v0.3.16
[INFO] [stderr]    Compiling itoa v0.4.6
[INFO] [stderr]     Checking try-lock v0.1.0
[INFO] [stderr]     Checking dtoa v0.4.6
[INFO] [stderr]     Checking sha1 v0.2.0
[INFO] [stderr]    Compiling woothee v0.11.0
[INFO] [stderr]     Checking try-lock v0.2.2
[INFO] [stderr]     Checking language-tags v0.2.2
[INFO] [stderr]     Checking opaque-debug v0.2.3
[INFO] [stderr]     Checking humansize v1.1.0
[INFO] [stderr]     Checking anymap v0.12.1
[INFO] [stderr]     Checking antidote v1.0.0
[INFO] [stderr]     Checking itertools v0.9.0
[INFO] [stderr]    Compiling semver v0.9.0
[INFO] [stderr]    Compiling num-traits v0.2.12
[INFO] [stderr]    Compiling memoffset v0.5.4
[INFO] [stderr]    Compiling crossbeam-epoch v0.8.2
[INFO] [stderr]     Checking tokio-sync v0.1.8
[INFO] [stderr]    Compiling num-integer v0.1.43
[INFO] [stderr]    Compiling indexmap v1.4.0
[INFO] [stderr]     Checking tokio-service v0.1.0
[INFO] [stderr]     Checking relay v0.1.1
[INFO] [stderr]    Compiling libsqlite3-sys v0.18.0
[INFO] [stderr]     Checking crossbeam-utils v0.6.6
[INFO] [stderr]    Compiling onig_sys v69.5.0
[INFO] [stderr]    Compiling thread_local v1.0.1
[INFO] [stderr]     Checking line-wrap v0.1.1
[INFO] [stderr]     Checking owning_ref v0.3.3
[INFO] [stderr]     Checking yaml-rust v0.4.4
[INFO] [stderr]     Checking unsafe-any v0.4.2
[INFO] [stderr]     Checking humantime v1.3.0
[INFO] [stderr]    Compiling proc-macro2 v1.0.18
[INFO] [stderr]     Checking hmac-sha1 v0.1.3
[INFO] [stderr]     Checking unicode-normalization v0.1.13
[INFO] [stderr]    Compiling unicase v2.6.0
[INFO] [stderr]    Compiling standback v0.2.9
[INFO] [stderr]    Compiling nom v5.1.2
[INFO] [stderr]    Compiling time v0.2.16
[INFO] [stderr]    Compiling rustc_version v0.2.3
[INFO] [stderr]     Checking typemap v0.3.3
[INFO] [stderr]     Checking net2 v0.2.34
[INFO] [stderr]     Checking rand v0.4.6
[INFO] [stderr]     Checking parking_lot_core v0.7.2
[INFO] [stderr]     Checking getrandom v0.1.14
[INFO] [stderr]     Checking backtrace v0.3.49
[INFO] [stderr]     Checking inotify-sys v0.1.3
[INFO] [stderr]     Checking thread-id v3.3.0
[INFO] [stderr]     Checking filetime v0.2.10
[INFO] [stderr]     Checking crossbeam-utils v0.7.2
[INFO] [stderr]     Checking smallvec v0.6.13
[INFO] [stderr]     Checking crossbeam-channel v0.3.9
[INFO] [stderr]     Checking futures-cpupool v0.1.8
[INFO] [stderr]     Checking colored v1.9.3
[INFO] [stderr]     Checking aho-corasick v0.7.13
[INFO] [stderr]    Compiling quote v1.0.7
[INFO] [stderr]     Checking flate2 v1.0.14
[INFO] [stderr]     Checking inotify v0.7.1
[INFO] [stderr]     Checking rand_core v0.5.1
[INFO] [stderr]     Checking parking_lot v0.10.2
[INFO] [stderr]     Checking block-cipher-trait v0.6.2
[INFO] [stderr]    Compiling parking_lot_core v0.6.2
[INFO] [stderr]    Compiling parking_lot v0.9.0
[INFO] [stderr]    Compiling hyper v0.12.35
[INFO] [stderr]     Checking idna v0.2.0
[INFO] [stderr]     Checking tokio-executor v0.1.10
[INFO] [stderr]     Checking crossbeam-queue v0.2.3
[INFO] [stderr]     Checking bytes v0.4.12
[INFO] [stderr]     Checking base64 v0.9.3
[INFO] [stderr]     Checking rand v0.3.23
[INFO] [stderr]     Checking parking_lot_core v0.2.14
[INFO] [stderr]     Checking rand_chacha v0.2.2
[INFO] [stderr]     Checking scheduled-thread-pool v0.2.4
[INFO] [stderr]     Checking blowfish v0.4.0
[INFO] [stderr]     Checking ordered-float v1.0.2
[INFO] [stderr]     Checking tokio-current-thread v0.1.7
[INFO] [stderr]     Checking tokio-timer v0.2.13
[INFO] [stderr]    Compiling mime_guess v2.0.3
[INFO] [stderr]     Checking crossbeam-deque v0.7.3
[INFO] [stderr]     Checking regex v1.3.9
[INFO] [stderr]     Checking rand v0.7.3
[INFO] [stderr]     Checking parking_lot v0.4.8
[INFO] [stderr]     Checking http v0.1.21
[INFO] [stderr]     Checking tokio-buf v0.1.1
[INFO] [stderr]     Checking string v0.2.1
[INFO] [stderr]     Checking url v2.1.1
[INFO] [stderr]     Checking chashmap v2.2.2
[INFO] [stderr]     Checking bcrypt v0.7.0
[INFO] [stderr]    Compiling Inflector v0.11.4
[INFO] [stderr]     Checking onig v6.0.0
[INFO] [stderr]     Checking http-body v0.1.0
[INFO] [stderr]    Compiling darling_core v0.9.0
[INFO] [stderr]    Compiling synstructure v0.12.4
[INFO] [stderr]    Compiling realm_macros v0.1.1
[INFO] [stderr]    Compiling darling_macro v0.9.0
[INFO] [stderr]    Compiling diesel_derives v1.4.1
[INFO] [stderr]    Compiling time-macros-impl v0.1.1
[INFO] [stderr]    Compiling failure_derive v0.1.8
[INFO] [stderr]    Compiling darling v0.9.0
[INFO] [stderr]     Checking time-macros v0.1.0
[INFO] [stderr]     Checking failure v0.1.8
[INFO] [stderr]     Checking cookie v0.13.3
[INFO] [stderr]     Checking log v0.4.8
[INFO] [stderr]     Checking chrono v0.4.11
[INFO] [stderr]     Checking serde_json v1.0.55
[INFO] [stderr]     Checking serde_yaml v0.8.13
[INFO] [stderr]     Checking serde-value v0.6.0
[INFO] [stderr]     Checking toml v0.5.6
[INFO] [stderr]     Checking bincode v1.3.1
[INFO] [stderr]     Checking uuid v0.8.1
[INFO] [stderr]     Checking mio v0.6.22
[INFO] [stderr]     Checking tokio-io v0.1.13
[INFO] [stderr]     Checking tokio-threadpool v0.1.18
[INFO] [stderr]     Checking log v0.3.9
[INFO] [stderr]     Checking r2d2 v0.8.8
[INFO] [stderr]     Checking want v0.0.4
[INFO] [stderr]     Checking want v0.2.0
[INFO] [stderr]     Checking sqlparser v0.5.0
[INFO] [stderr]     Checking tokio-codec v0.1.2
[INFO] [stderr]     Checking h2 v0.1.26
[INFO] [stderr]     Checking askama_shared v0.9.1
[INFO] [stderr]     Checking tokio-fs v0.1.7
[INFO] [stderr]     Checking diesel v1.4.5
[INFO] [stderr]     Checking plist v1.0.0
[INFO] [stderr]     Checking log4rs v0.11.0
[INFO] [stderr]     Checking tokio-reactor v0.1.12
[INFO] [stderr]     Checking mio-uds v0.6.8
[INFO] [stderr]     Checking mio-extras v2.0.6
[INFO] [stderr]     Checking notify v5.0.0-pre.1
[INFO] [stderr]     Checking tokio-udp v0.1.6
[INFO] [stderr]     Checking tokio-uds v0.2.6
[INFO] [stderr]     Checking tokio-tcp v0.1.4
[INFO] [stderr]     Checking syntect v4.2.0
[INFO] [stderr]    Compiling observer_attribute v0.1.8
[INFO] [stderr]     Checking tokio v0.1.22
[INFO] [stderr]     Checking tokio-core v0.1.17
[INFO] [stderr]    Compiling askama_derive v0.9.0
[INFO] [stderr]     Checking tokio-proto v0.1.1
[INFO] [stderr]     Checking hyper v0.11.27
[INFO] [stderr]     Checking askama v0.9.0
[INFO] [stderr]     Checking signed_cookies v0.1.2
[INFO] [stderr]     Checking r2d2-diesel v1.0.0
[INFO] [stderr]     Checking observer v0.2.3
[INFO] [stderr]     Checking realm v0.1.23
[INFO] [stdout] error: custom attribute panicked
[INFO] [stdout]    --> /opt/rustwide/cargo-home/registry/src/github.com-1ecc6299db9ec823/realm-0.1.23/src/base/in_.rs:141:5
[INFO] [stdout]     |
[INFO] [stdout] 141 |     #[observed(namespace = "realm__in")]
[INFO] [stdout]     |     ^^^^^^^^^^^^^^^^^^^^^^^^^^^^^^^^^^^^
[INFO] [stdout]     |
[INFO] [stdout]     = help: message: Could not find observer.json
[INFO] [stdout] 
[INFO] [stdout] 
[INFO] [stdout] error: custom attribute panicked
[INFO] [stdout]   --> /opt/rustwide/cargo-home/registry/src/github.com-1ecc6299db9ec823/realm-0.1.23/src/base/mod.rs:49:1
[INFO] [stdout]    |
[INFO] [stdout] 49 | #[observed(namespace = "realm", with_result)]
[INFO] [stdout]    | ^^^^^^^^^^^^^^^^^^^^^^^^^^^^^^^^^^^^^^^^^^^^^
[INFO] [stdout]    |
[INFO] [stdout]    = help: message: Once instance has previously been poisoned
[INFO] [stdout] 
[INFO] [stdout] 
[INFO] [stdout] error: custom attribute panicked
[INFO] [stdout]   --> /opt/rustwide/cargo-home/registry/src/github.com-1ecc6299db9ec823/realm-0.1.23/src/base/mod.rs:63:1
[INFO] [stdout]    |
[INFO] [stdout] 63 | #[observed(namespace = "realm", with_result)]
[INFO] [stdout]    | ^^^^^^^^^^^^^^^^^^^^^^^^^^^^^^^^^^^^^^^^^^^^^
[INFO] [stdout]    |
[INFO] [stdout]    = help: message: Once instance has previously been poisoned
[INFO] [stdout] 
[INFO] [stdout] 
[INFO] [stdout] error: custom attribute panicked
[INFO] [stdout]   --> /opt/rustwide/cargo-home/registry/src/github.com-1ecc6299db9ec823/realm-0.1.23/src/response.rs:15:1
[INFO] [stdout]    |
[INFO] [stdout] 15 | #[observed(with_result, namespace = "realm__response")]
[INFO] [stdout]    | ^^^^^^^^^^^^^^^^^^^^^^^^^^^^^^^^^^^^^^^^^^^^^^^^^^^^^^^
[INFO] [stdout]    |
[INFO] [stdout]    = help: message: Once instance has previously been poisoned
[INFO] [stdout] 
[INFO] [stdout] 
[INFO] [stdout] error: custom attribute panicked
[INFO] [stdout]   --> /opt/rustwide/cargo-home/registry/src/github.com-1ecc6299db9ec823/realm-0.1.23/src/response.rs:27:1
[INFO] [stdout]    |
[INFO] [stdout] 27 | #[observed(with_result, namespace = "realm__response")]
[INFO] [stdout]    | ^^^^^^^^^^^^^^^^^^^^^^^^^^^^^^^^^^^^^^^^^^^^^^^^^^^^^^^
[INFO] [stdout]    |
[INFO] [stdout]    = help: message: Once instance has previously been poisoned
[INFO] [stdout] 
[INFO] [stdout] 
[INFO] [stdout] error: custom attribute panicked
[INFO] [stdout]   --> /opt/rustwide/cargo-home/registry/src/github.com-1ecc6299db9ec823/realm-0.1.23/src/response.rs:36:1
[INFO] [stdout]    |
[INFO] [stdout] 36 | #[observed(with_result, namespace = "realm__response")]
[INFO] [stdout]    | ^^^^^^^^^^^^^^^^^^^^^^^^^^^^^^^^^^^^^^^^^^^^^^^^^^^^^^^
[INFO] [stdout]    |
[INFO] [stdout]    = help: message: Once instance has previously been poisoned
[INFO] [stdout] 
[INFO] [stdout] 
[INFO] [stdout] error: custom attribute panicked
[INFO] [stdout]  --> /opt/rustwide/cargo-home/registry/src/github.com-1ecc6299db9ec823/realm-0.1.23/src/serve_static.rs:1:1
[INFO] [stdout]   |
[INFO] [stdout] 1 | #[observed(with_result, namespace = "realm")]
[INFO] [stdout]   | ^^^^^^^^^^^^^^^^^^^^^^^^^^^^^^^^^^^^^^^^^^^^^
[INFO] [stdout]   |
[INFO] [stdout]   = help: message: Once instance has previously been poisoned
[INFO] [stdout] 
[INFO] [stdout] 
[INFO] [stdout] error: custom attribute panicked
[INFO] [stdout]  --> /opt/rustwide/cargo-home/registry/src/github.com-1ecc6299db9ec823/realm-0.1.23/src/storybook.rs:1:1
[INFO] [stdout]   |
[INFO] [stdout] 1 | #[observed(with_result, namespace = "realm__storybook")]
[INFO] [stdout]   | ^^^^^^^^^^^^^^^^^^^^^^^^^^^^^^^^^^^^^^^^^^^^^^^^^^^^^^^^
[INFO] [stdout]   |
[INFO] [stdout]   = help: message: Once instance has previously been poisoned
[INFO] [stdout] 
[INFO] [stdout] 
[INFO] [stdout] error: custom attribute panicked
[INFO] [stdout]   --> /opt/rustwide/cargo-home/registry/src/github.com-1ecc6299db9ec823/realm-0.1.23/src/urls.rs:15:1
[INFO] [stdout]    |
[INFO] [stdout] 15 | #[observed(with_result, namespace = "realm")]
[INFO] [stdout]    | ^^^^^^^^^^^^^^^^^^^^^^^^^^^^^^^^^^^^^^^^^^^^^
[INFO] [stdout]    |
[INFO] [stdout]    = help: message: Once instance has previously been poisoned
[INFO] [stdout] 
[INFO] [stdout] 
[INFO] [stdout] error[E0432]: unresolved imports `crate::response::json`, `crate::response::json_ok`, `crate::response::json_with_context`
[INFO] [stdout]   --> /opt/rustwide/cargo-home/registry/src/github.com-1ecc6299db9ec823/realm-0.1.23/src/lib.rs:54:32
[INFO] [stdout]    |
[INFO] [stdout] 54 | pub use crate::response::{err, json, json_ok, json_with_context};
[INFO] [stdout]    |                                ^^^^  ^^^^^^^  ^^^^^^^^^^^^^^^^^ no `json_with_context` in `response`
[INFO] [stdout]    |                                |     |
[INFO] [stdout]    |                                |     no `json_ok` in `response`
[INFO] [stdout]    |                                no `json` in `response`
[INFO] [stdout] 
[INFO] [stdout] 
[INFO] [stdout] error[E0432]: unresolved import `crate::serve_static::serve_static`
[INFO] [stdout]   --> /opt/rustwide/cargo-home/registry/src/github.com-1ecc6299db9ec823/realm-0.1.23/src/lib.rs:56:9
[INFO] [stdout]    |
[INFO] [stdout] 56 | pub use crate::serve_static::serve_static;
[INFO] [stdout]    |         ^^^^^^^^^^^^^^^^^^^^^------------
[INFO] [stdout]    |         |                    |
[INFO] [stdout]    |         |                    help: a similar name exists in the module: `read_static`
[INFO] [stdout]    |         no `serve_static` in `serve_static`
[INFO] [stdout] 
[INFO] [stdout] 
[INFO] [stdout] error[E0432]: unresolved import `crate::urls::handle`
[INFO] [stdout]   --> /opt/rustwide/cargo-home/registry/src/github.com-1ecc6299db9ec823/realm-0.1.23/src/lib.rs:57:23
[INFO] [stdout]    |
[INFO] [stdout] 57 | pub use crate::urls::{handle, is_realm_url};
[INFO] [stdout]    |                       ^^^^^^ no `handle` in `urls`
[INFO] [stdout] 
[INFO] [stdout] 
[INFO] [stdout] error[E0599]: no function or associated item named `parse_ud_cookie` found for struct `in_::In<'_, _>` in the current scope
[INFO] [stdout]   --> /opt/rustwide/cargo-home/registry/src/github.com-1ecc6299db9ec823/realm-0.1.23/src/base/in_.rs:63:57
[INFO] [stdout]    |
[INFO] [stdout] 9  | / pub struct In<'a, UD>
[INFO] [stdout] 10 | | where
[INFO] [stdout] 11 | |     UD: crate::UserData,
[INFO] [stdout] 12 | | {
[INFO] [stdout] ...  |
[INFO] [stdout] 19 | |     pub now: DateTime<Utc>,
[INFO] [stdout] 20 | | }
[INFO] [stdout]    | |_- function or associated item `parse_ud_cookie` not found for this
[INFO] [stdout] ...
[INFO] [stdout] 63 |               get_cookie(&ctx.request, "ud").and_then(In::parse_ud_cookie)
[INFO] [stdout]    |                                                           ^^^^^^^^^^^^^^^ function or associated item not found in `in_::In<'_, _>`
[INFO] [stdout] 
[INFO] [stdout] 
[INFO] [stdout] error: aborting due to 13 previous errors
[INFO] [stdout] 
[INFO] [stdout] 
[INFO] [stdout] Some errors have detailed explanations: E0432, E0599.
[INFO] [stdout] 
[INFO] [stdout] For more information about an error, try `rustc --explain E0432`.
[INFO] [stdout] 
[INFO] [stderr] error: could not compile `realm`.
[INFO] [stderr] 
[INFO] [stderr] To learn more, run the command again with --verbose.
[INFO] running `Command { std: "docker" "inspect" "810b63c6f4459d94b5b43f741d74621a4a0694ded6e0f38fe0b7b4ef4faed806", kill_on_drop: false }`
[INFO] running `Command { std: "docker" "rm" "-f" "810b63c6f4459d94b5b43f741d74621a4a0694ded6e0f38fe0b7b4ef4faed806", kill_on_drop: false }`
[INFO] [stdout] 810b63c6f4459d94b5b43f741d74621a4a0694ded6e0f38fe0b7b4ef4faed806
